{"id":181,"date":"2022-06-08T11:21:18","date_gmt":"2022-06-08T09:21:18","guid":{"rendered":"https:\/\/www.huginet.net\/?page_id=181"},"modified":"2024-02-05T23:11:12","modified_gmt":"2024-02-05T22:11:12","slug":"webhosting","status":"publish","type":"page","link":"https:\/\/www.huginet.net\/index.php\/webhosting\/","title":{"rendered":"Webhosting"},"content":{"rendered":"<h2><span style=\"font-family: trebuchet ms, geneva, sans-serif; color: #000000;\"><em><span style=\"font-size: 20px;\">Webhosting pro Va\u0161e str\u00e1nky na na\u0161em v\u00fdkonn\u00e9m serveru<\/span><\/em><\/span><\/h2>\n<p><span style=\"color: #000000;\"><em><span style=\"font-family: trebuchet ms, geneva, sans-serif;\">Va\u0161e webov\u00e9 str\u00e1nky si zaslou\u017e\u00ed \u0161pi\u010dkov\u00fd webhosting s rychlou odezvou a kvalitn\u00edm z\u00e1zem\u00edm.<\/span><\/em><\/span><br \/>\n<span style=\"color: #000000;\"><em><span style=\"font-family: trebuchet ms, geneva, sans-serif;\">Va\u0161e str\u00e1nky budou um\u00edst\u011bn\u00fd na na\u0161em webhostingu s plnou spr\u00e1vou serveru 24\/7, s prostorem um\u00edst\u011bn\u00fdm na rychl\u00e9m SSD disku.<\/span><\/em><\/span><\/p>\n<p><span style=\"color: #000000; font-size: 20px;\"><strong><em><span style=\"font-family: trebuchet ms, geneva, sans-serif;\">Server hardware:<\/span><\/em><\/strong><\/span><br \/>\n<span style=\"color: #000000;\"><em><span style=\"font-family: trebuchet ms, geneva, sans-serif;\">Po\u010det CPU Core i7 8 x 4GHz, Pam\u011b\u0165 RAM 32GB, Kapacita SSD 2TB, Garance dostupnost 99%, Z\u00e1loha nap\u00e1jen\u00ed UPS, Optick\u00e1 s\u00ed\u0165 1 Gb.<\/span><\/em><\/span><\/p>\n<p><span style=\"color: #000000; font-size: 20px;\"><strong><em><span style=\"font-family: trebuchet ms, geneva, sans-serif;\">Server software:<\/span><\/em><\/strong><\/span><br \/>\n<span style=\"color: #000000;\"><em><span style=\"font-family: trebuchet ms, geneva, sans-serif;\">GNU\/Linux, Firewall, Web server Apache, Skriptovac\u00ed jazyk PHP, HTTPS SSL certifik\u00e1t, automatick\u00e1 instalace SSL certifik\u00e1tu, Datab\u00e1zov\u00fd server MySQL, Napl\u00e1novan\u00e9 CRON \u00falohy, <\/span><\/em><em><span style=\"font-family: trebuchet ms, geneva, sans-serif;\">Po\u0161tovn\u00ed server Postfix, IMAP, POP3, DKMI, Spam filter, Antivir filter, FTP, AntiMalware ochrana, Z\u00e1loha nap\u00e1jen\u00ed UPS, IPv4 adresa, Z\u00e1loha dat s uchov\u00e1n\u00edm 30 dn\u016f, Neomezen\u00fd p\u0159enos dat, pravideln\u00e9 aktualizace, Dohled nad serverem 24\/7.<br \/>\n<\/span><\/em><\/span><\/p>\n<p><span style=\"color: #000000; font-size: 20px;\"><strong><em><span style=\"font-family: trebuchet ms, geneva, sans-serif;\">Technick\u00e1 podpora:<\/span><\/em><\/strong><\/span><\/p>\n<p><span style=\"color: #000000;\"><em><span style=\"font-family: trebuchet ms, geneva, sans-serif;\">Technick\u00e1 podpora z\u00e1kladn\u00ed 24\/7 zdarma<br \/>\nTechnick\u00e1 podpora roz\u0161\u00ed\u0159en\u00e1 pro z\u00e1kazn\u00edky 24\/7 se z\u00e1sahem technika 350,- K\u010d\/1hod.<\/span><\/em><br \/>\n<em><span style=\"font-family: trebuchet ms, geneva, sans-serif;\">Technick\u00e1 podpora na vzd\u00e1len\u00e9 plo\u0161e z\u00e1kazn\u00edka ( nastaven\u00ed, spr\u00e1va apod..)&nbsp; 450,- K\u010d \/1hod.<\/span><\/em><br \/>\n<\/span><\/p>\n<p>&nbsp;<\/p>\n<p><span style=\"font-family: trebuchet ms, geneva, sans-serif;\"><em><span style=\"color: #000000;\"><span style=\"font-family: trebuchet ms, geneva, sans-serif; font-size: 20px;\"><strong>Nab\u00eddky Webhostingu:<\/strong> <\/span><br \/>\n<\/span><\/em><\/span><\/p>\n<h3><strong><span style=\"font-family: trebuchet ms, geneva, sans-serif; font-size: 16px;\"><em><span style=\"color: #000000;\"><span style=\"color: #008080;\">Webhosting o velikosti do 2GB pro jednoduch\u00e9 max 4 str\u00e1nkov\u00e9 &#8211; web, blog apod..<\/span><br \/>\n<\/span><\/em><\/span><\/strong><\/h3>\n<p><span style=\"color: #008080;\"><strong><em><span style=\"font-family: trebuchet ms, geneva, sans-serif;\">Vhodn\u00e9 pro osobn\u00ed str\u00e1nky a blogy mal\u00e9 prezentace.<\/span><\/em><\/strong><\/span><br \/>\n<span style=\"color: #000000;\"><em><span style=\"font-family: trebuchet ms, geneva, sans-serif;\">OS Linux,&nbsp; PHP &#8211; 7.4, MySQL&nbsp; po\u010det neomezen\u00fd, Velikost MySQL 250 MB,&nbsp; SSL\/TLS certifik\u00e1t Let&#8217;s Encrypt, <\/span><\/em><em><span style=\"font-family: trebuchet ms, geneva, sans-serif;\">Prostor pro e-maily 512 MB, Po\u010det e-mailov\u00fdch schr\u00e1nek 1, Webmail, IMAP, POP3, SMTP, DKIM, P\u0159esm\u011brov\u00e1n\u00ed e-mail\u016f, <\/span><\/em><\/span><span style=\"color: #000000;\"><em><span style=\"font-family: trebuchet ms, geneva, sans-serif;\">PHP memory_limit 128MB, PHP upload_max_filesize 64MB, PHP post_max_size 60MB, z\u00e1loha dat 1x 14 dn\u016f.<\/span><\/em><\/span><\/p>\n<p><span style=\"color: #3366ff;\"><em><span style=\"font-family: trebuchet ms, geneva, sans-serif;\"><strong>38,- K\u010d\/m\u011bs\u00edc s DPH<\/strong><\/span><\/em><\/span><\/p>\n<p>&nbsp;<\/p>\n<p><span style=\"color: #008080;\"><em><span style=\"font-family: trebuchet ms, geneva, sans-serif;\"><strong><span style=\"font-size: 16px;\">Webhosting o velikosti do 5GB pro jednoduch\u00e9 max 8 str\u00e1nkov\u00e9 &#8211; web, blog apod..<\/span><\/strong><\/span><\/em><\/span><\/p>\n<p><span style=\"color: #008080;\"><em><span style=\"font-family: trebuchet ms, geneva, sans-serif;\"><strong>Vhodn\u00e9 pro osobn\u00ed str\u00e1nky a blogy mal\u00e9 prezentace.<\/strong><\/span><\/em><\/span><br \/>\n<em><span style=\"color: #000000; font-family: trebuchet ms, geneva, sans-serif;\">OS Linux,&nbsp; PHP &#8211; 7.4, MySQL&nbsp; po\u010det neomezen\u00fd, Velikost MySQL 250 MB,&nbsp; SSL\/TLS certifik\u00e1t Let&#8217;s Encrypt, Prostor pro e-maily 512 MB, Po\u010det e-mailov\u00fdch schr\u00e1nek 2, Webmail, IMAP, POP3, SMTP, DKIM, P\u0159esm\u011brov\u00e1n\u00ed e-mail\u016f, PHP memory_limit 128MB, PHP upload_max_filesize 128MB, PHP post_max_size 60MB, z\u00e1loha dat 1x 14 dn\u016f.<\/span><\/em><\/p>\n<p><em><span style=\"color: #3366ff; font-family: trebuchet ms, geneva, sans-serif;\"><strong>45,- K\u010d\/m\u011bs\u00edc s DPH<\/strong><\/span><\/em><\/p>\n<p><strong><span style=\"font-family: trebuchet ms, geneva, sans-serif; font-size: 16px;\"><em><span style=\"color: #000000;\"><br \/>\n<\/span><\/em><\/span><\/strong><br \/>\n<strong><span style=\"font-family: trebuchet ms, geneva, sans-serif; font-size: 16px;\"><em><span style=\"color: #000000;\"><span style=\"color: #008080;\">Webhosting o velikosti do 10GB pro n\u00e1ro\u010dn\u011bj\u0161\u00ed max 15 str\u00e1nkov\u00e9 &#8211; web, blog, galerii apod..<\/span><br \/>\n<\/span><\/em><\/span><\/strong><\/p>\n<p><span style=\"color: #008080; font-family: trebuchet ms, geneva, sans-serif;\"><em><strong>Vhodn\u00e9 pro osobn\u00ed str\u00e1nky, firemn\u00ed str\u00e1nky, blogy, galerie, prezentace apod&#8230;<\/strong><\/em><\/span><br \/>\n<span style=\"color: #000000; font-family: trebuchet ms, geneva, sans-serif;\"><em>OS Linux,&nbsp; PHP &#8211; 7.4, MySQL&nbsp; po\u010det neomezen\u00fd, Velikost MySQL 1 GB,&nbsp; SSL\/TLS certifik\u00e1t Let&#8217;s Encrypt, Prostor pro e-maily 1 GB, Po\u010det e-mailov\u00fdch schr\u00e1nek 5, Webmail, IMAP, POP3, SMTP, DKIM, P\u0159esm\u011brov\u00e1n\u00ed e-mail\u016f, PHP memory_limit 256MB, PHP upload_max_filesize 256MB, PHP post_max_size 60MB, z\u00e1loha dat 1x 14 dn\u016f.<\/em><\/span><\/p>\n<p><span style=\"color: #3366ff; font-family: trebuchet ms, geneva, sans-serif;\"><em><strong>52,- K\u010d\/m\u011bs\u00edc s DPH<\/strong><\/em><\/span><\/p>\n<p>&nbsp;<\/p>\n<p>\n<span style=\"font-family: trebuchet ms, geneva, sans-serif; color: #008000;\"><strong><span style=\"font-size: 16px;\"><em>Webhosting o velikosti do 15GB pro n\u00e1ro\u010dn\u011bj\u0161\u00ed max 17 str\u00e1nkov\u00e9 &#8211; web, blog, e-shop, galerie apod..<br \/>\n<\/em><\/span><\/strong><\/span><\/p>\n<p><span style=\"font-family: trebuchet ms, geneva, sans-serif; color: #008000;\"><em><strong>Vhodn\u00e9 pro osobn\u00ed a firemn\u00ed str\u00e1nky, e-shop + sklady, fotogalerie, blogy, prezentace apod&#8230;<\/strong><\/em><\/span><br \/>\n<span style=\"font-family: trebuchet ms, geneva, sans-serif; color: #000000;\"><em>OS Linux,&nbsp; PHP &#8211; 7.4, MySQL&nbsp; po\u010det neomezen\u00fd, Velikost MySQL 1,5 GB,&nbsp; SSL\/TLS certifik\u00e1t Let&#8217;s Encrypt, Prostor pro e-maily 1,5 GB, Po\u010det e-mailov\u00fdch schr\u00e1nek 8, Webmail, IMAP, POP3, SMTP, DKIM, P\u0159esm\u011brov\u00e1n\u00ed e-mail\u016f, PHP memory_limit 256MB, PHP upload_max_filesize 256MB, PHP post_max_size 60MB, z\u00e1loha dat 1x 7 dn\u016f.<\/em><\/span><\/p>\n<p><span style=\"font-family: trebuchet ms, geneva, sans-serif; color: #3366ff;\"><em><strong>84,- K\u010d\/m\u011bs\u00edc s DPH<\/strong><\/em><\/span><\/p>\n<p>&nbsp;<\/p>\n<p>\n<span style=\"color: #008000; font-family: trebuchet ms, geneva, sans-serif;\"><strong><span style=\"font-size: 16px;\"><em>Webhosting o velikosti do 20GB pro n\u00e1ro\u010dn\u00e9 max 20 str\u00e1nkov\u00e9 &#8211; web, blog, e-shop, galerie apod&#8230;<\/em><\/span><\/strong><\/span><\/p>\n<p><span style=\"color: #008000; font-family: trebuchet ms, geneva, sans-serif;\"><em><strong>Vhodn\u00e9 pro osobn\u00ed a firemn\u00ed str\u00e1nky, e-shop + sklady, fotogalerie, blogy, prezentace apod&#8230;<\/strong><\/em><\/span><br \/>\n<span style=\"color: #000000; font-family: trebuchet ms, geneva, sans-serif;\"><em>OS Linux,&nbsp; PHP &#8211; 7.4, MySQL&nbsp; po\u010det neomezen\u00fd, Velikost MySQL 1,5 GB,&nbsp; SSL\/TLS certifik\u00e1t Let&#8217;s Encrypt, Prostor pro e-maily 3 GB, Po\u010det e-mailov\u00fdch schr\u00e1nek 8, Webmail, IMAP, POP3, SMTP, DKIM, P\u0159esm\u011brov\u00e1n\u00ed e-mail\u016f, PHP memory_limit 256MB, PHP upload_max_filesize 256MB, PHP post_max_size 60MB, z\u00e1loha dat 1x 7 dn\u016f.<\/em><\/span><\/p>\n<p><span style=\"font-family: trebuchet ms, geneva, sans-serif; color: #3366ff;\"><em><strong>96,- K\u010d\/m\u011bs\u00edc s DPH<\/strong><\/em><\/span><\/p>\n<p>&nbsp;<\/p>\n<p>\n<span style=\"font-family: trebuchet ms, geneva, sans-serif; color: #008000;\"><strong><span style=\"font-size: 16px;\"><em>Webhosting o velikosti do 25GB pro n\u00e1ro\u010dn\u00e9 max 35 str\u00e1nkov\u00e9 &#8211; web, e-shop, galerie, velk\u00e9 prezentace apod&#8230;.<\/em><\/span><\/strong><\/span><\/p>\n<p><span style=\"font-family: trebuchet ms, geneva, sans-serif; color: #008000;\"><em><strong>Vhodn\u00e9 pro osobn\u00ed a firemn\u00ed str\u00e1nky, e-shop + sklady, fotogalerie, blogy, prezentace apod&#8230;<\/strong><\/em><\/span><br \/>\n<span style=\"font-family: trebuchet ms, geneva, sans-serif; color: #000000;\"><em>OS Linux,&nbsp; PHP &#8211; 7.4, MySQL&nbsp; po\u010det neomezen\u00fd, Velikost MySQL 3 GB,&nbsp; SSL\/TLS certifik\u00e1t Let&#8217;s Encrypt, Prostor pro e-maily 10 GB, Po\u010det e-mailov\u00fdch schr\u00e1nek 12, Webmail, IMAP, POP3, SMTP, DKIM, P\u0159esm\u011brov\u00e1n\u00ed e-mail\u016f, PHP memory_limit 512 MB, PHP upload_max_filesize 700MB, PHP post_max_size 60MB, z\u00e1loha dat 1x 4 dn\u016f.<\/em><\/span><\/p>\n<p><span style=\"font-family: trebuchet ms, geneva, sans-serif; color: #3366ff;\"><em><strong>150,- K\u010d\/m\u011bs\u00edc s DPH<\/strong><\/em><\/span><\/p>\n<p>&nbsp;<\/p>\n<p>\n<span style=\"font-size: 16px; font-family: trebuchet ms, geneva, sans-serif; color: #008000;\"><strong><em>Webhosting o velikosti do 50GB pro n\u00e1ro\u010dn\u00e9 neomezen\u00fd po\u010det web str\u00e1nek, e-shop, blog, galerii, velk\u00e9 prezentace,&nbsp; <br \/>\n<\/em><\/strong><\/span><\/p>\n<p><span style=\"font-family: trebuchet ms, geneva, sans-serif; color: #008000;\"><em><strong>Vhodn\u00e9 pro firemn\u00ed str\u00e1nky, e-shop + sklady, fotogalerie, blogy, velk\u00e9 prezentace apod&#8230;<\/strong><\/em><\/span><br \/>\n<span style=\"font-family: trebuchet ms, geneva, sans-serif; color: #000000;\"><em>OS Linux,&nbsp; PHP &#8211; 7.4, MySQL&nbsp; po\u010det neomezen\u00fd, Velikost MySQL 4 GB,&nbsp; SSL\/TLS certifik\u00e1t Let&#8217;s Encrypt, Prostor pro e-maily 50 GB, Po\u010det e-mailov\u00fdch schr\u00e1nek 50, Webmail, IMAP, POP3, SMTP, DKIM, P\u0159esm\u011brov\u00e1n\u00ed e-mail\u016f, PHP memory_limit 1 GB, PHP upload_max_filesize 1 GB, PHP post_max_size 60MB, z\u00e1loha dat 1x 3 dn\u016f.<\/em><\/span><\/p>\n<p><span style=\"font-family: trebuchet ms, geneva, sans-serif; color: #3366ff;\"><em><strong>245,- K\u010d\/m\u011bs\u00edc s DPH<\/strong><\/em><\/span><\/p>\n<p>&nbsp;<\/p>\n","protected":false},"excerpt":{"rendered":"<p>Webhosting pro Va\u0161e str\u00e1nky na na\u0161em v\u00fdkonn\u00e9m serveru Va\u0161e webov\u00e9 str\u00e1nky si zaslou\u017e\u00ed \u0161pi\u010dkov\u00fd webhosting s rychlou odezvou a kvalitn\u00edm z\u00e1zem\u00edm. Va\u0161e str\u00e1nky budou um\u00edst\u011bn\u00fd na na\u0161em webhostingu s plnou spr\u00e1vou serveru 24\/7, s prostorem um\u00edst\u011bn\u00fdm na rychl\u00e9m SSD disku. Server hardware: Po\u010det CPU Core i7 8 x 4GHz, Pam\u011b\u0165 RAM 32GB, Kapacita SSD 2TB, [&hellip;]<\/p>\n","protected":false},"author":1,"featured_media":0,"parent":0,"menu_order":0,"comment_status":"closed","ping_status":"closed","template":"","meta":{"_et_pb_use_builder":"off","_et_pb_old_content":"","_et_gb_content_width":"","_monsterinsights_skip_tracking":false,"_monsterinsights_sitenote_active":false,"_monsterinsights_sitenote_note":"","_monsterinsights_sitenote_category":0,"ngg_post_thumbnail":0,"footnotes":""},"class_list":["post-181","page","type-page","status-publish","hentry"],"_links":{"self":[{"href":"https:\/\/www.huginet.net\/index.php\/wp-json\/wp\/v2\/pages\/181","targetHints":{"allow":["GET"]}}],"collection":[{"href":"https:\/\/www.huginet.net\/index.php\/wp-json\/wp\/v2\/pages"}],"about":[{"href":"https:\/\/www.huginet.net\/index.php\/wp-json\/wp\/v2\/types\/page"}],"author":[{"embeddable":true,"href":"https:\/\/www.huginet.net\/index.php\/wp-json\/wp\/v2\/users\/1"}],"replies":[{"embeddable":true,"href":"https:\/\/www.huginet.net\/index.php\/wp-json\/wp\/v2\/comments?post=181"}],"version-history":[{"count":4,"href":"https:\/\/www.huginet.net\/index.php\/wp-json\/wp\/v2\/pages\/181\/revisions"}],"predecessor-version":[{"id":436,"href":"https:\/\/www.huginet.net\/index.php\/wp-json\/wp\/v2\/pages\/181\/revisions\/436"}],"wp:attachment":[{"href":"https:\/\/www.huginet.net\/index.php\/wp-json\/wp\/v2\/media?parent=181"}],"curies":[{"name":"wp","href":"https:\/\/api.w.org\/{rel}","templated":true}]}}